v.
16
Suppose 0 = 3*p + 5*f - 23, -16 = -0*f - 4*f. Suppose v - 1 - p = 0. Let m be 352/33*3/v. Calculate the highest common factor of 16 and m.
16
Let s(j) = -2*j**3 + 9*j**2 + 6*j + 19. Let x be s(-5). Calculate the greatest common factor of x and 29.
29
Let d be 2 + 8/20*5. Suppose -22 = -t + 3*x, -d*t + 2*x = -3*x - 95. Calculate the highest common divisor of t and 10.
5
Suppose 3*v - 105 = -5*w, 2*v - 87 = -3*w + 5*v. Suppose 6*u + w = -0. Let n be u/(-14) + 5434/91. What is the highest common factor of 12 and n?
12
Let z be (-2)/2*1 + (58 - 2). Suppose -8*g = 3*g - z. What is the highest common factor of 5 and g?
5
Let h(d) = d**3 + 6*d**2 + 31*d + 57. Let m be h(-2). What is the greatest common divisor of 1 and m?
1
Suppose 4*x - 47 = -3*p, 2*x + 23 = 3*p - 12. Let w = 2 - 8. Let r be (-4)/w - 152/(-6). Calculate the greatest common divisor of r and p.
13
Suppose -5305 - 545 = -13*m. What is the greatest common divisor of m and 18?
18
Let d(n) = -3*n**2 + 99*n - 30. Let u be d(32). What is the greatest common factor of 22 and u?
22
Let u(y) = 19*y - 5. Let m be u(3). Suppose -m = -q - 4*q + 3*x, -5*x + 27 = 2*q. Suppose 13*j - 96 = q*j. What is the highest common factor of j and 12?
12
Let a be 11/((-110)/(-988)) + 1/5. Calculate the greatest common divisor of 2277 and a.
99
Suppose 0 = -5*x - 5*c + 20, x + 5*c = -x + 2. Suppose -53 = -5*n + 67. What is the highest common divisor of x and n?
6
Let g be 1/3 + 0 - 495/27. Suppose 2*o - 160 = -3*o. Let z = o + g. What is the highest common divisor of z and 35?
7
Let v be (-3 - 92/8)*2. Let i = v + 29. Suppose 0 = -i*n - 6*n + 48. What is the greatest common divisor of n and 16?
8
Suppose -19*p + 17*p = -150. Calculate the greatest common divisor of p and 125.
25
Let h(f) = f**2 - 4*f - 9. Let l be h(6). Suppose -l*q - 19 = -145. Suppose 41*g = q*g - 19. What is the greatest common divisor of g and 171?
19
Suppose 4*b - 17 = -3*x, -5*x - 5*b + 10 + 15 = 0. Let i be (-5)/(-2) + x/(-6). What is the highest common factor of 18 and i?
2
Suppose -2*m + 2 = -6. Suppose 2*u + 2 = -f, m*u - 11 = -5*f + u. Calculate the highest common factor of f and 44.
4
Let h = 231 + -448. Let d = h - -325. Let k = -7 + 19. What is the greatest common divisor of d and k?
12
Let j(s) = -26*s - 2. Let t be j(6). Let d = -39 - t. Suppose 55*c = -49*c + 159*c - 935. Calculate the highest common divisor of c and d.
17
Let r(c) = -24*c - 26. Let n be r(-3). Calculate the greatest common factor of n and 10.
2
Suppose -t = t - 50. Let q(n) = -2*n + 100. Let p(k) = -k**2 + k + 6. Let f be p(3). Let x be q(f). Calculate the highest common divisor of t and x.
25
Let t be 3 - ((-12)/2 - -6). Calculate the greatest common factor of 69 and t.
3
Suppose r + 5 = -5*d + 50, 3*d + 2*r - 34 = 0. Suppose -63 = -d*x + 393. Calculate the greatest common factor of 38 and x.
19
Let a(y) = 7*y**2 + 96*y - 6. Let z be a(-14). Calculate the highest common divisor of 561 and z.
11
Let j be 4 + 4/(4/51). Suppose -5*p = -20 - j. Suppose -3*q = 4*z - 14, -2*z - 4*q + 3 - 1 = 0. Calculate the greatest common factor of z and p.
5
Suppose 0 = -4*y + 3*z + 196, -2*z + 16 = 2*z. Calculate the highest common divisor of 39 and y.
13
Let h be (45/72*2)/(2/88). Let l(d) = d**2 - 3*d - 7. Let n(x) = -x + 1. Let y(f) = l(f) + 4*n(f). Let v be y(8). What is the greatest common factor of v and h?
5
Let r = 2147 + -2136. Let h be 1 - 2/((-2)/21). Calculate the highest common factor of r and h.
11
Let n(m) be the second derivative of -6*m + 1/12*m**4 + 0 - 9/20*m**5 + 0*m**3 - 1/2*m**2. Let w be n(-1). Calculate the highest common divisor of 1 and w.
1
Let x = 22 - -3. Let g be (-3 - -5)/(-2) + x. Suppose 2*k - 2 = 0, -2*l + 13 + g = 5*k. Calculate the highest common divisor of 176 and l.
16
Let m = -11 + 28. Suppose 3*t - m - 10 = 0. Calculate the greatest common divisor of t and 81.
9
Let c(a) = -a**3 + 15*a**2 + 13*a + 20. Let m be c(16). Let d = -16 - m. What is the greatest common factor of d and 96?
12
Let l(s) = -7*s**2 + 28*s + 45. Let h(z) = 10*z**2 - 42*z - 67. Let m(q) = 5*h(q) + 7*l(q). Let i be m(17). What is the greatest common factor of i and 62?
31
Suppose 9*d - 4*d + 133 = 3*j, -3*j = 5*d - 83. Calculate the highest common factor of j and 162.
18
Let i be 26 + 33/15 + (-2)/10. What is the greatest common factor of i and 308?
28
Let o be 459 - (1 + (-10)/(-5)). What is the highest common divisor of o and 24?
24
Let c be -4 + -4 - -1 - 25/(-1). Calculate the highest common divisor of c and 567.
9
Let r be -10*24*3/(-15). What is the highest common factor of 1536 and r?
48
Let b(m) = -m**2 + 14*m - 13. Let q be b(11). Suppose 45 = 5*c - q. Suppose a + 6 = 3*a, -3*a = 2*t - 217. Calculate the highest common divisor of c and t.
13
Let r be (28/(-6))/1 + (-4)/(-6). Let g be 78/104 - (0 + 109/r). What is the highest common factor of g and 70?
14
Let v = -211 - -441. Calculate the greatest common factor of 368 and v.
46
Suppose -i + 2*b = 5*b, 0 = -3*i + b + 40. What is the highest common divisor of i and 132?
12
Let h(l) = l**2 - 9*l - 23. Let a = -97 + 109. Let n be h(a). Calculate the greatest common divisor of n and 13.
13
Suppose -5*t = -12*t + 98. Let n be (-4 + (2 + -1 - -10))/1. Calculate the highest common divisor of t and n.
7
Let q(z) = z**2 - 23*z + 560. Let o be q(0). Calculate the highest common divisor of o and 240.
80
Let p be 2/8 + (-278)/(-8). Let d = 76 + -142. Let y be (-2)/4 + d/(-4) + -2. What is the highest common factor of p and y?
7
Suppose -3*u + 70 = -5. Let x = u + -19. Let g be 28/((x/4)/3). What is the highest common divisor of 7 and g?
7
Let w = 155 - 83. Let n be (20 - 0/(-4)) + -2. Calculate the highest common factor of w and n.
18
Suppose p - s + 29 = s, 0 = 5*p - s + 100. Let d(t) = -2*t + 2. Let g be d(p). Calculate the greatest common factor of g and 10.
10
Let u = -198 - -214. Suppose 0 = 4*a - 3*a - 80. Calculate the greatest common factor of u and a.
16
Let s be -3 + ((-27)/(-1) - 8). What is the highest common factor of s and 24?
8
Let b be (1 - -73)*(-1)/(-2). Suppose 5*v - 3*p = v + b, v - 13 = 2*p. Let w = -13355 - -13356. Calculate the greatest common factor of w and v.
1
Suppose 0 = -u - 2 + 10. Suppose 2*i = x + 4*x + 87, 5*i - x = 275. Calculate the highest common factor of u and i.
8
Let u = -609 + 797. Calculate the greatest common divisor of u and 799.
47
Suppose -o = -5*o - 8, 5*i + 3*o = 539. Calculate the highest common factor of 1744 and i.
109
Suppose 2*r + 2 - 8 = 0. Suppose 4*f - 121 = r*f. Suppose 0 = -5*w + 4*w + 11. What is the highest common factor of f and w?
11
Let c = 606 - 602. Calculate the greatest common divisor of c and 284.
4
Let h(m) = -4*m**2 - 2. Let t(p) = -7*p**2 - p - 5. Let b(w) = -5*h(w) + 2*t(w). Let c = -2 + 4. Let q be b(c). What is the greatest common divisor of 4 and q?
4
Suppose -31*q + 3864 = -17*q. What is the greatest common divisor of q and 12?
12
Let z = -8 + 11. Suppose -z*v = v - 108. Calculate the greatest common divisor of 81 and v.
27
Let z(t) = -t**3 - 39*t**2 + 28*t - 462. Let u be z(-40). Let j = 7 + -2. Suppose -46 = -j*h - 1. What is the greatest common divisor of u and h?
9
Suppose 44*d = 43*d + 4*l - 14, -2*d - 4*l = -20. Calculate the greatest common factor of d and 32.
2
Suppose 3*m + 2*g - 100 = -15, 4*g = -2*m + 54. What is the highest common factor of m and 725?
29
Suppose 5*h - 10 = 3*g, 0 = -2*h + 3*g + 5 - 1. Let d be (3 + -2)*(6 - -1). Suppose h*f - 21 = d. Calculate the greatest common divisor of f and 35.
7
Suppose k - 46 = g, -k + 6*k = -4*g + 257. What is the highest common factor of k and 392?
49
Suppose -59*s = -5*o - 55*s + 406, o - 3*s = 79. Calculate the highest common divisor of o and 451.
41
Let j be (-94)/(-4) + 0 + (-3)/(-6). What is the highest common divisor of 64 and j?
8
Let w(k) = -k**3 - 8*k**2 - 8*k - 3. Let g be w(-7). Let x be g/1 + 6 + 382. Let s be (x/(-12))/(2/(-3)). What is the highest common factor of 7 and s?
7
Let f = 375 + -352. What is the greatest common divisor of 23 and f?
23
Let d(i) = i**3 - 3*i**2 + 2*i + 1. Let y be d(6). Let r = 32 - 21. Calculate the highest common divisor of r and y.
11
Suppose -47*d + 477 = 242. Suppose 2*v + v - 99 = -4*c, 5*v = -c + 182. Suppose 5*x = -20, -x + 4*x + v = 5*w.